8
Let c(i) = -i**3 - 5*i**2 + 5*i + 2. Let q be c(-5). Let g = q + 42. What is the units digit of g?
9
Let h(u) = -u**3 + 10*u**2 - 3*u - 6. Let s be h(9). Suppose 2*z + s = 5*a + 5*z, 8 = -2*z. What is the tens digit of a?
1
Let k(u) = u**2 + 13*u + 1. What is the hundreds digit of k(-25)?
3
Suppose 0 = n + 3*n + 20, -f = -3*n - 191. What is the hundreds digit of f?
1
Suppose y = 6*y. Suppose 2*d = r + 15, -3*d + 2*r + 3*r + 40 = y. What is the units digit of d?
5
Let o = 11 - 7. What is the tens digit of ((-12)/18)/(o/(-78))?
1
Let g be ((-4)/5)/((-4)/1430). Let x be g/(-10) - 10/25. Let t = x - -49. What is the units digit of t?
0
Suppose 15*x - 10*x = 895. What is the units digit of x?
9
Let l(r) = 3*r + 1. Let a be l(-4). Let h = a - -18. What is the units digit of h?
7
Suppose 3*c - 801 = c + q, 4*q = -4*c + 1584. What is the units digit of c?
9
Let u(p) = -p**3 - 5*p**2 - 6*p - 7. What is the units digit of u(-5)?
3
Suppose 2*l + 14 = -12. Let c = l + 25. What is the units digit of c?
2
Let k(i) = 3*i**3 - 5*i**2 + 3*i + 1. Let n = 2 + -4. Let a(f) = 13*f**3 - 20*f**2 + 11*f + 5. Let l(c) = n*a(c) + 9*k(c). What is the units digit of l(4)?
3
Suppose 0 = -4*b - 6*s + 3*s + 128, -b + 41 = 3*s. What is the units digit of b?
9
Suppose -q + 12 - 3 = 0. Suppose q = -0*r - 3*r, 0 = -4*z + 4*r + 12. Suppose 3*n + n - 52 = z. What is the tens digit of n?
1
What is the units digit of (-43)/(-4) + 0 - (-3)/12?
1
Let w(o) = 1 - 4*o - 1 + 1. Let l = -3 + 2. What is the units digit of w(l)?
5
Let x be ((-22)/4 - -2)*-4. Suppose f - x = -2*f - 4*n, 4*f = 4*n. What is the units digit of f?
2
Let p(g) = g**2 + 10*g - 2. Let k(s) = 3*s**2 + 30*s - 6. Let f(a) = 2*k(a) - 7*p(a). What is the units digit of f(-5)?
7
Let z = 9 - 16. Let r(b) = 59*b - b**3 - 69*b - 6 - 2 - 8*b**2. What is the tens digit of r(z)?
1
Suppose 0 = 4*r + 4*y - 80, 0*r - 2*r + 2*y + 24 = 0. What is the units digit of r?
6
Suppose g - 41 = -y, -y = 4*g - 2*y - 174. What is the units digit of g?
3
Let t be -4 + 1 + 6 - 2. What is the tens digit of (19 + t)*5/10?
1
Let j(q) = -3. Let w(g) = -9*g - 2 + 2 + 10*g. Let m(r) = j(r) - w(r). What is the units digit of m(-5)?
2
Let z be (4/6)/((-4)/18). Let d = z + 6. What is the tens digit of (-1 - 11)/(2 - d)?
1
What is the units digit of 6/3 - (0 + -42)?
4
Let f(z) = -4*z - 8. Let v(j) = -j**3 + 8*j**2 - 9*j + 7. Let c be v(7). What is the units digit of f(c)?
0
Let s(r) = -r**3 + r**2 + 6*r + 272. What is the hundreds digit of s(0)?
2
Let m(f) = -2*f**3 + 3*f**2. Let r be m(2). Let k = 0 - r. What is the units digit of 5/4 + (-1)/k?
1
Suppose 62 + 12 = m. What is the tens digit of m?
7
Let h = 16 + -7. Let b(c) = -2*c + 2. Let z be b(-5). Suppose 2*p = 4*j + z, -2*p - j + 3 = -h. What is the units digit of p?
6
Suppose 0 = -4*m + 17 + 3. Let a(q) = 4*q - 2*q + 8 - 3*q. What is the units digit of a(m)?
3
Let l = 6 + -10. Let w(x) = x**3 + 6*x**2 - 5. What is the units digit of w(l)?
7
Let q = -11 - -1. Let b(h) = -h**3 - 11*h**2 - 11*h - 5. Let p be b(q). Suppose -3*a - 5*r = 11 - 64, -p*a = 4*r - 71. What is the tens digit of a?
1
Let q(i) = i**2 + 9*i. Let x be q(-9). Suppose 4*b - 3*b - 15 = x. What is the units digit of b?
5
Let p(n) = -4*n - 6. Let w(f) = -5*f - 6. Let l(x) = -6*p(x) + 5*w(x). What is the units digit of l(5)?
1
Let z(g) = -g**3 - 6*g**2 - 3*g + 2. Let d be z(-6). Let a = 32 - d. What is the tens digit of a?
1
Let x(b) = 2*b**2 + b - 1. Let d be x(1). Let p(q) = 12*q**3 + d*q**2 - 2*q**2 + 2*q - 1. What is the tens digit of p(1)?
1
Suppose -5*w + 23 = 3. Suppose w*l + 2*a - 2 = 0, 2*a + 3*a + 19 = -2*l. Suppose -3*m = 5*o + 17, o + l = 4*m - 5. What is the units digit of m?
1
Suppose 0 = j - 3*q - 22, -5*j = 3*q - 84 + 28. Suppose 2*a + 2 - j = -t, 0 = -t - 4*a + 11. What is the tens digit of t?
1
Suppose 4*b = 2*b + 6. Let q = b - 4. Let g = 2 - q. What is the units digit of g?
3
Let u(q) = q**3 + 12*q**2 - 8*q - 22. What is the tens digit of u(-12)?
7
Let b = -6 + 3. Let n be (-27)/(-1) + -2 + b. Suppose 5*f + 27 = s, -5*s + 3 = -3*f - n. What is the units digit of s?
2
Let k(t) = -t**2 - 7*t - 1. What is the units digit of k(-6)?
5
Suppose -2*c + 1 = -c. Let i = 0 - c. What is the units digit of (-1)/(i + 2/4)?
2
Suppose 0 = x + 3*x - 128. What is the units digit of x?
2
Let x be 3/(-2)*80/(-12). Let n = 32 - x. What is the tens digit of n?
2
Suppose 7 = 2*w - 21. Suppose 0 = -2*x - 0*x - w. Let n = x - -16. What is the units digit of n?
9
Suppose 0*c + 7*c = -14. Let d(a) = 8*a**2 + 3*a + 2. What is the units digit of d(c)?
8
Suppose 2*g - 2*h = -0*g + 480, -4*h - 16 = 0. What is the hundreds digit of g?
2
Let w(d) = 5*d - 1. Let y be w(1). Let k = y - 0. Let r = k + 4. What is the units digit of r?
8
Suppose 0 = -l - 8*l + 243. What is the units digit of l?
7
Suppose -l - 3*l - 2*x = -220, 0 = -5*x + 10. Let g = l + -22. Suppose -4*h + 0*h = -g. What is the units digit of h?
8
Suppose -3*v = 3 + 3. Let l = 6 - v. Let q = 13 - l. What is the units digit of q?
5
Let c = -49 - -71. What is the units digit of 35/3 + c/(-33)?
1
Suppose 0 = a - 4*w - 18, -w + 68 - 185 = -4*a. Let m = 23 + -44. Let g = a + m. What is the units digit of g?
9
Suppose 2*k = -2*w + 8, -4*w + 8 = -5*w + 5*k. Let c be (-6)/9*(-5 - 1). Suppose m - c - w = 0. What is the units digit of m?
6
Let w(c) = -2*c - 2. Let v be w(4). Let j = -6 - v. What is the units digit of j?
4
Let l(f) = f**2 - 4. Let v be l(3). Suppose 0 = 3*s - 14 + v. Suppose s*y - 2*x = 8, 2*x + 7 = -y + 23. What is the units digit of y?
6
Let n(o) = -2*o + 6. Let g be n(-4). Let v(z) = -z**3 + 14*z**2 + 2*z - 17. What is the units digit of v(g)?
1
Suppose -5*m - 2*f = 1, -19 = -4*m - 3*f + 8*f. What is the units digit of m?
1
Let y = -7 - -6. Let z be ((-7)/14)/(y/(-8)). What is the units digit of z/(-14) - 164/(-14)?
2
What is the units digit of -10 + 8 + (29 - 0)?
7
What is the tens digit of (-1 - -11)/((-3)/(-39))?
3
Suppose -l + 0 + 3 = 0. Suppose -l*o + 15 = -0*o. What is the units digit of o?
5
Let t(n) = 4*n**2 - n - 1. Suppose 0 = -5*g + 3*x + 2*x - 5, -3*x + 9 = -g. Suppose -4*o + a - 5 = 0, 2*o - 2*a = g*o - 1. What is the units digit of t(o)?
4
Let r(b) = -b**3 - 4*b**2 + 2*b - 3. Let k be r(-5). Suppose k = f - 2. What is the tens digit of f?
1
Let s be ((-28)/(-6) - 2)*3. What is the units digit of s/3*(2 - -1)?
8
Suppose 1 = -2*c + 7. Suppose a + 25 = 6*a + 4*h, 0 = -3*a - c*h + 15. What is the units digit of a?
5
Let s = -26 - -97. What is the tens digit of s?
7
Suppose 64 = 3*j + s, -88 = -0*j - 4*j - 2*s. What is the units digit of j?
0
Let o = -43 - -59. What is the tens digit of o?
1
Suppose -5*k - 1 + 41 = 0. Suppose 4*q = k*q - 132. What is the tens digit of q?
3
Let r(p) = 5*p**2 - 2*p**3 + 3 - 4*p + 8*p + 3*p**3. What is the units digit of r(-4)?
3
Let s = -3 - -6. Suppose 4*v + 4*l - 48 + 12 = 0, 0 = -s*v - l + 29. Suppose -4*x + 4*f + 50 = v, 49 = 5*x - 4*f. What is the units digit of x?
9
Let g = 7 + -4. Suppose 4*b - 5*x = 2*b - 11, 4*b - 43 = -g*x. What is the units digit of b?
7
Let t be 3*4/12 - -6. Let m(a) = a**2 - a - 4. What is the tens digit of m(t)?
3
Let u = 118 - 62. What is the units digit of u?
6
Suppose -4*f + 4 = -3*f. Suppose 3*s - 93 = g, f*s = -0*s + 5*g + 124. What is the units digit of s?
1
Let j = 3 + -2. Let u be (2 - (-1 - -3)) + j. What is the units digit of 1 - (1 + u - 2)?
1
Suppose 0 = f + 3*f. Suppose f = -0*o - 3*o. What is the units digit of (2/(-1))/(-2 - o)?
1
Suppose -2*z + 15 = k, -k = 5*z - 22 - 8. Suppose -5*l + 0*h = z*h - 40, -2 = -2*l + 5*h. What is the units digit of l?
6
Suppose 0 = 6*c - c - 5. Let p = c + 12. What is the tens digit of p?
1
Let h be 14/8 - 1/(-4). Let k be h/4 + (-135)/(-6). Let w = 41 - k. What is the units digit of w?
8
Let y = 2 - -5. What is the units digit of y?
7
Suppose -2*t - 226 = -4*s, s - t = -3*t + 44. What is the tens digit of s?
5
Suppose 0 = 3*b + o, 2*b + 3*o = b. Let m(z) = b - 2*z**2 + 4*z**2 + 0*z**2 + 3 + 2*z. What is the units digit of m(-3)?
5
Let d(w) = w**2 + 3*w - 2. Let c be d(-4). Suppose -c*i - 15 = 3*i, i = -3*x + 3. What is the units digit of x?
2
Let g(j) = 2*j**3 + 3*j**2 - 3*j + 3. Let q(i) = i**3 - i. Let z(k) = -g(k) + 3*q(k). Let r = 8 - 4. What is the t